In base 5, what is 11244422 + -1120?
11243302
In base 3, what is -212000002110211 - 11?
-212000002110222
In base 3, what is -1 + -222202211002102?
-222202211002110
In base 11, what is -411 + -6816?
-7127
In base 7, what is -60031 - 5220?
-65251
In base 5, what is -132 + 10413003?
10412321
In base 2, what is -1001111010011100000101 - 101001?
-1001111010011100101110
In base 4, what is 10121303223 - 2?
10121303221
In base 5, what is 21311 - -132431?
204242
In base 6, what is -1424432 + 15545?
-1404443
In base 15, what is -150dc - 37?
-15124
In base 15, what is d6 - 44021?
-43e3a
In base 9, what is -13463531 + 12?
-13463518
In base 5, what is -132112034 + -10110?
-132122144
In base 3, what is -2021221111022 - -12?
-2021221111010
In base 2, what is -101011111 - 100000111100000000?
-100001000001011111
In base 2, what is -1011001010 - 11000010000010?
-11001101001100
In base 2, what is -100101001101100 - 11011011?
-100101101000111
In base 9, what is -26 - -3885074?
3885047
In base 6, what is 121011 - -4130?
125141
In base 16, what is 1 + 1ea946?
1ea947
In base 6, what is 5255101 - -10?
5255111
In base 3, what is 101212122021210 - -20?
101212122022000
In base 7, what is 232042411 - -1?
232042412
In base 10, what is 820 + -30351?
-29531
In base 15, what is -1 - -120c07e?
120c07d
In base 6, what is 102033 - 15211?
42422
In base 12, what is 1a24347 + a?
1a24355
In base 14, what is -22b5 + -2da?
-25b1
In base 4, what is 3 - 2302032310?
-2302032301
In base 9, what is -21231863 + 6?
-21231856
In base 2, what is -1110001 - -11001111110100101100110?
11001111110100011110101
In base 7, what is -160423 + 50?
-160343
In base 4, what is 323120202 + -112110?
323002032
In base 8, what is -533163 + 2457?
-530504
In base 13, what is -2c6 - 897a0?
-89a96
In base 9, what is -5 - 43577777?
-43577783
In base 4, what is 1211 + 13132302?
13200113
In base 3, what is -12102010220021 + 11200?
-12102010201121
In base 6, what is -5 - -13110132312?
13110132303
In base 3, what is -11020001101 + 10201122?
-11002022202
In base 12, what is -220 - a198?
-a3b8
In base 12, what is 128602ba - 4?
128602b6
In base 10, what is -1836 + 19322?
17486
In base 8, what is -1453122535 + 5?
-1453122530
In base 2, what is -101100110011 + -100010010000?
-1001111000011
In base 12, what is -2 - 64a5692?
-64a5694
In base 10, what is -3554414 - 2?
-3554416
In base 6, what is 1 - -52540111?
52540112
In base 3, what is -211100 - 110000021011?
-110001002111
In base 8, what is 1343236555 + -5?
1343236550
In base 14, what is -140da + -96b?
-14a67
In base 6, what is -31112414 + -12?
-31112430
In base 3, what is 102001221202 + 210102?
102002202011
In base 15, what is 5 + 551b2?
551b7
In base 6, what is 11453544 - 1240?
11452304
In base 7, what is 10263 - 15440?
-5144
In base 8, what is -1577014 - 36?
-1577052
In base 16, what is -139 + -22c9d?
-22dd6
In base 2, what is -11 + -11010000001001010100000000111?
-11010000001001010100000001010
In base 13, what is 319 - -497049?
497365
In base 3, what is -12 - -10010100120020101?
10010100120020012
In base 10, what is 2 + -108665900?
-108665898
In base 4, what is -11023011200 - 1223?
-11023013023
In base 9, what is -52271773 + -54?
-52271837
In base 13, what is 23 - 56a807?
-56a7b4
In base 9, what is 262183 + 3?
262186
In base 7, what is -10150226 + 524?
-10146402
In base 3, what is 202120100 + -21020?
202022010
In base 3, what is -10 - 10012211110202002?
-10012211110202012
In base 7, what is 30252 - 1153?
26066
In base 5, what is -2010 + 1212120213?
1212113203
In base 4, what is -20 - -120330120300?
120330120220
In base 3, what is -2 + -112121120212?
-112121120221
In base 10, what is -262770 + 165?
-262605
In base 15, what is -5220 + -3568?
-8788
In base 3, what is 101012221 + 2122211?
110212202
In base 14, what is -23 - 19d8d4b?
-19d8d70
In base 10, what is 59384 - -771?
60155
In base 10, what is 661373 - -5?
661378
In base 5, what is 12320033001 - -10?
12320033011
In base 2, what is -10010000100111111011101011 - 10?
-10010000100111111011101101
In base 10, what is 1 - 5238457?
-5238456
In base 7, what is 243 + 2445?
3021
In base 11, what is 1166 - 25850?
-24695
In base 6, what is -2440 - 4430?
-11310
In base 9, what is -117186 - -1800?
-115286
In base 3, what is 2120 + -20211111021021?
-20211111011201
In base 16, what is -14af69 + 82?
-14aee7
In base 3, what is 12 - 10000221010211222?
-10000221010211210
In base 11, what is 0 - -9a75a?
9a75a
In base 3, what is -1000220021220202 - -2?
-1000220021220200
In base 13, what is -c3c806 - 15?
-c3c81b
In base 12, what is 2 + -1b421799?
-1b421797
In base 12, what is -534a1 + 2840?
-50861
In base 3, what is -10 + 110212220110111?
110212220110101
In base 16, what is ce + -22f1?
-2223
In base 5, what is 0 + 22121431223?
22121431223
In base 5, what is 2300031 - -111012?
2411043
In base 7, what is 23342 - -166442?
223114
In base 6, what is 233144 + -24351?
204353
In base 6, what is 33 + 23243043?
23243120
In base 9, what is 6 + 20570145?
20570152
In base 3, what is 212001022210210 - -21?
212001022211001
In base 16, what is c - 900a0b?
-9009ff
In base 9, what is 10870 + -125081?
-114111
In base 6, what is -1515533144 + 1?
-1515533143
In base 11, what is 637 + 383?
a0a
In base 6, what is -11440550 - 2515?
-11443505
In base 6, what is -51 - -10335001?
10334510
In base 4, what is -122123 + -111332?
-300121
In base 14, what is -6c088 + -7b?
-6c125
In base 7, what is -3 - -145511322?
145511316
In base 6, what is 5 + 1553343?
1553352
In base 16, what is 2aab5e9 + 0?
2aab5e9
In base 5, what is 12310 - 130303230?
-130240420
In base 4, what is 11 - 1320120223231?
-1320120223220
In base 8, what is 455001 + -115?
454664
In base 13, what is -5 - 464355?
-46435a
In base 12, what is -8125 - -44a?
-7897
In base 4, what is 32203 - -302020123?
302112332
In base 16, what is -2 + -6b8d7?
-6b8d9
In base 12, what is -139 + -b9a52?
-b9b8b
In base 14, what is -264 - -19ba50?
19b7ca
In base 16, what is -450e - f48?
-5456
In base 2, what is -101 - 110001100001110111000?
-110001100001110111101
In base 12, what is -6b - 32b894?
-32b943
In base 14, what is 107 - -100b54?
100c5b
In base 2, what is 111000100110010111 + -1110101?
111000100100100010
In base 5, what is -2 - 102431404424?
-102431404431
In base 4, what is -330021 - -13302202?
12312121
In base 8, what is 4 + -261502255?
-261502251
In base 16, what is 5 + d5a4b9?
d5a4be
In base 9, what is -1546610067 + -5?
-1546610073
In base 11, what is 13 - 3670148?
-3670135
In base 4, what is -113322012 + 1111?
-113320301
In base 6, what is -25203131202 - 1?
-25203131203
In base 12, what is -77735b17 - 4?
-77735b1b
In base 3, what is -20002201 - 20022212?
-110102120
In base 12, what is -735558 - -27?
-735531
In base 9, what is 7 - -2511177?
2511185
In base 3, what is -1111210 + -100002022?
-101121002
In base 9, what is -47355 + 366?
-46878
In base 12, what is -57 + 27551?
274b6
In base 13, what is 889 + -b7056?
-b649a
In base 6, what is -411451402 + -25?
-411451431
In base 3, what is 2001022112120101220 - 11?
2001022112120101202
In base 15, what is 4 - -8de02?
8de06
In base 8, what is 46345 + 24706?
73253
In base 3, what is -222010000212121 + 112?
-222010000212002
In base 12, what is -165 + 11247?
110a2
In base 7, what is 26226320 - -25?
26226345
In base 13, what is -772 + 2cc4?
2552
In base 10, what is -332 + -11393?
-11725
In base 10, what is 28692 - -2553?
31245
In base 5, what is 4312322102 - 140?
4312321412
In base 11, what is 31 - 15a204?
-15a183
In base 13, what is 8 + 1941205?
1941210
In base 12, what is 27 - -305139?
305164
In base 9, what is -2 + -21457736?
-21457738
In base 4, what is 110331021 - -30223?
111021310
In base 12, what is -70b2 + -867?
-7959
In base 14, what is -31 + -a4671?
-a46a2
In base 10, what is -1 + 224254?
224253
In base 11, what is -2506 - 60473?
-62979
In base 9, what is -1 - -600651458?
600651457
In base 3, what is 11111220210020 - -111?
11111220210201
In base 5, what is 13233224 + 4422?
13243201
In base 8, what is -6275 - -141661?
133364
In base 10, what is -58 - -391042?
390984
In base 12, what is -b60a8 + -a5?
-b6191
In base 4, what is 31022102 - -1301033?
32323201
In base 4, what is -221310 - 210110232?
-210332202
In base 12, what is 3571 - 13b61?
-105b0
In base 13, what is -3